t q(t) = -t**2 - 6*t - 8. Let d be q(6). Let h be (6/(-8))/(12/d). What is the greatest common factor of h and 45?
5
Let n = -1 - -7. Suppose 3*y - 97 = -5*s, -n*y - 3 = -3*y. What is the greatest common factor of s and 5?
5
Suppose -51 + 221 = 5*t. Suppose -3*v - 76 = -5*y, -4*y - 3*v + 5*v + 62 = 0. Calculate the highest common divisor of y and t.
17
Suppose -3 = -0*y - y. Let g be 21/9 + 2/y. Suppose -61 = -g*f + 11. What is the highest common divisor of 6 and f?
6
Let b = 26 - 8. Calculate the greatest common factor of b and 90.
18
Suppose 3*j + 4*m - 513 - 201 = 0, j = -2*m + 240. Calculate the highest common divisor of 26 and j.
26
Let k be (-1)/(-2) - 1258/(-4). Let c = -203 + k. Suppose l - 6*l - 5*y + 220 = 0, -c = -3*l + 2*y. Calculate the highest common divisor of 5 and l.
5
Let x = 14 + 17. Suppose -d = l - 50, d - 2*l - 25 = x. Calculate the highest common divisor of 26 and d.
26
Suppose 120 = -0*b + 6*b. Calculate the greatest common divisor of 4 and b.
4
Let s(a) = a**3 - 6*a**2 - 5*a - 3. Let w be s(7). Calculate the highest common divisor of w and 77.
11
Let r be 294/6 - (0 - 3). What is the greatest common factor of 65 and r?
13
Suppose 4*r + 4*h = 5*h + 212, -2*h + 278 = 5*r. Calculate the greatest common divisor of r and 18.
18
Let f be (-1)/1 - 2 - 10. Let g = f + 26. What is the highest common divisor of 130 and g?
13
Suppose -2*c - t - 3*t - 12 = 0, 5*c - 3*t = 35. What is the greatest common factor of 36 and c?
4
Let u = -122 - -144. Calculate the greatest common divisor of 55 and u.
11
Let u = -28 + 47. Suppose 29 + u = 4*x. What is the highest common divisor of 8 and x?
4
Suppose 5*i + 55 = 3*f - 139, 3*i = -5*f + 346. Let x = 82 + 16. Suppose x = 5*h + 13. Calculate the highest common divisor of f and h.
17
Suppose 5*b = -3*n + 11, -2*n + 0*n - 5*b = 1. Let p = 171 + -87. What is the greatest common divisor of p and n?
12
Let p(w) = -w + 11. Let s be p(6). Let m(o) = 4*o - 2. Let i be m(s). Let r(q) = 22*q - 10. Let u be r(7). What is the greatest common factor of u and i?
18
Let p = 3 - -1. Suppose -p*z - 15 = 9. Let h be (-1)/((z/(-14))/(-3)). What is the greatest common divisor of h and 28?
7
Suppose -82 = -3*g + 50. Calculate the highest common divisor of 396 and g.
44
Let r(u) = -u**2 - 17*u + 8. Let t be r(-10). Let a = -38 + t. What is the highest common factor of a and 5?
5
Suppose 0*w - 96 = 2*w. Let c = w + 90. What is the greatest common factor of c and 6?
6
Let h(z) = z**2 + 11. Let w be h(0). Suppose 3*r - 3*b - 372 = 0, 4*r - 472 = -3*b - b. What is the greatest common divisor of r and w?
11
Let k(h) be the first derivative of -3*h**2/2 + 9*h - 4. Let j be k(-7). What is the greatest common divisor of j and 12?
6
Suppose -3*t = -6 - 0. Let i be 0 + (t + 1 - -3). Suppose -4*b + i = -2*b. Calculate the highest common divisor of 12 and b.
3
Suppose 2*j + 2*j = 16. Suppose -j*x = -3*x. Let u be (-9 - x)*(-4)/6. Calculate the greatest common divisor of 3 and u.
3
Suppose 6*l - 160 = 4*l. What is the highest common factor of l and 16?
16
Let x be (4/(-12))/(16/(-768)). Let i be (5 - 0) + 0/3. Suppose 5 = -m, 6*f - 553 = 3*f + i*m. Calculate the highest common factor of x and f.
16
Suppose 0*y = 3*y - 48. Let d be (2 - 0) + -3 + -3. Let f be d/(-6) - y/(-3). What is the highest common divisor of 12 and f?
6
Let q = 20 + -5. Let a(u) = -828*u**3 + 1. Let t be a(1). Let k be (-2)/5 + t/(-5). Calculate the greatest common divisor of k and q.
15
Let f(v) = 4*v + 5 - 9*v - v. Let w be f(-4). Suppose -15 - w = -2*d. Calculate the highest common divisor of 2 and d.
2
Suppose -6*a + 72 = -396. Suppose -o = o - a. What is the highest common factor of o and 13?
13
Suppose -5*u - 142 = -492. Suppose -2*t - 10 = 0, -3*s = 2*t - 12 - 8. What is the greatest common divisor of u and s?
10
Let i be 2/(-6) - (-35)/15. Suppose -i*c = -3*c + 144. Calculate the highest common divisor of 18 and c.
18
Let x = -83 - -127. Calculate the highest common factor of x and 110.
22
Suppose 4*c = 17 + 3. Suppose -2 = -c*t + 83. What is the highest common factor of t and 34?
17
Let u be -3 + 2 + (-18)/(-3). Suppose -u*b + 115 = 2*s - 13, -5*b = -2*s - 132. What is the greatest common divisor of 39 and b?
13
Let x(r) = -r**3 + 3*r**2 + 2*r + 1. Let h be x(-2). Let u = 5 + -2. Let n be (-155)/(-1) - 6/u. Calculate the greatest common factor of n and h.
17
Let y = -25 + 38. Calculate the greatest common factor of 65 and y.
13
Suppose 4*c + 0*c = -5*d + 56, -2*c + 2*d + 46 = 0. What is the greatest common factor of c and 57?
19
Let i(a) = -2*a**2 - 48*a + 20. Let p be i(-22). Let r(c) = c**3 - 6*c**2 + c + 6. Let v be r(6). What is the greatest common divisor of v and p?
12
Let l(u) = -2*u - 3. Let n be l(-7). Let t(b) = -b**3 - 28*b**2 + 28*b - 18. Let a be t(-29). Calculate the highest common divisor of a and n.
11
Suppose 2*d - 18 = -2. Suppose -3*f - 40 = -5*f. What is the greatest common factor of f and d?
4
Let c be (3 - (-1 - -3))*2. Suppose 3*z - 10 = c*p, -p + 0*p = -4. Calculate the highest common divisor of 3 and z.
3
Let p(f) = -f - 1. Let t be p(-5). Suppose 8 - t = -2*i, 0 = -2*l - 2*i. Let j be ((-2)/3)/(l/(-252)). What is the greatest common factor of 12 and j?
12
Let d(r) = -r**2 - 4*r + 4. Let l = -12 + 7. Let n be d(l). Let h be ((-196)/(-12))/(n/(-3)). Calculate the greatest common divisor of h and 7.
7
Let y be (-2)/6 - (-14)/6. Suppose -3*u - u + 3*a + 141 = 0, 74 = y*u + 2*a. What is the greatest common divisor of 4 and u?
4
Suppose -3*o = 6 + 3, 5*n - 5 = -5*o. Suppose -r - 17 = -4*j, -r = 3*j - 6 + 2. Let t be (j/(-2))/((-9)/24). Calculate the highest common divisor of n and t.
4
Let m be (1 + (-9)/6)*22. Let z = -7 - m. Calculate the greatest common divisor of z and 8.
4
Let z be (-58)/(-10) - (11/(-5) - -2). What is the highest common factor of 54 and z?
6
Suppose 5*o - 65 = 235. Let y(h) = -14*h + 1. Let j be y(-1). Calculate the greatest common divisor of o and j.
15
Let d(c) = 5*c - 2. Let s(k) = 9*k - 4. Let g(o) = 10*d(o) - 6*s(o). Let a be g(-3). Calculate the highest common factor of a and 4.
4
Let d be 2*14/10*15. Suppose -18*v - 29*v + 282 = 0. What is the greatest common divisor of d and v?
6
Suppose 0 = -y + 4*w + 57, 2*y + 4*w + 0*w = 78. Calculate the highest common divisor of y and 18.
9
Let p be -4 + (4 + -100)/(-4). Suppose -a - 2 = -5. Suppose -a*x + 0 = -15. What is the greatest common factor of x and p?
5
Let b(s) = 9*s - 37. Let u be b(6). Calculate the highest common divisor of 68 and u.
17
Let v(a) = -a**2 - 4*a. Let i = 2 - 5. Let r be v(i). Calculate the highest common divisor of r and 24.
3
Let y(t) be the third derivative of -t**4/24 - 8*t**3/3 - 2*t**2. Let r be y(-9). Let c = r + 9. Calculate the highest common factor of 18 and c.
2
Let x(d) = 2*d**2 - 11*d + 21. Let l = 12 + -6. Let j be x(l). Calculate the greatest common factor of j and 3.
3
Let b(s) = -s**3 + 7*s**2 - 4*s - 7. Let o be b(6). Let u be 3 + (-48)/3 + 1. Let l be u/(-20) + 6/15. What is the highest common divisor of o and l?
1
Let d = 37 + -28. What is the greatest common divisor of 81 and d?
9
Let q = 0 - -25. Calculate the greatest common factor of q and 10.
5
Suppose 3*s - 29 = 2*o - 2, o = -4*s + 47. Calculate the greatest common factor of s and 1.
1
Suppose -2*m = -2 - 2. Suppose 0*p + p + i - 93 = 0, 3*i = -m*p + 189. Calculate the highest common divisor of p and 10.
10
Let p(b) = b**2 - 21*b + 15. Let n be p(21). Let a = -9 + n. Let k be (-2)/((-4)/3)*2. What is the greatest common divisor of k and a?
3
Suppose 6*y - y = 550. What is the highest common factor of 10 and y?
10
Let v be 4/(2/(-40)*-4). What is the highest common divisor of 180 and v?
20
Let z(t) = -2*t - 2. Let u be z(-6). Suppose 2*x - 4 = o + 2*o, -u = -5*x - 5*o. Calculate the greatest common factor of 10 and x.
2
Suppose -2*y = -7*y + 5. Suppose q + 30 = 3*q. Let s be (-1 - (1 - q))*y. What is the greatest common factor of 13 and s?
13
Let i(w) = w**3 - 5*w**2 - 6*w + 5. Let f be i(6). Suppose 5*n - f + 0 = 0. What is the greatest common divisor of 7 and n?
1
Let n(k) = -k**3 + 7*k**2 - 2*k - 4. Let o be n(3). Calculate the greatest common factor of o and 26.
26
Let w = -170 + 242. Suppose 6*l - 24 = 3*l. What is the greatest common factor of l a